NOAA-Style Climate Reports

Select a Year or Month report
2021: Jan Fev Mar Abr Mai Jun Jul Ago Set Out Nov Dez

Relatório para o 2021 Julho
                   Monthly Climatological Summary for jul 2021

Name: MeteoEstarreja   City: Estarreja   State: 
Elevation: 0 ft  Lat: S 00° 00' 00"   Lon: W 000° 00' 00"

                  Temperature (°C), Rain (mm), Wind Speed (km/h)

                                      Heat  Cool        Avg
    Mean                              Deg   Deg         Wind                 Dom
Day Temp  High   Time   Low    Time   Days  Days  Rain  Speed High   Time    Dir
----------------------------------------------------------------------------------
13  18,4  27,1   15:54  15,1   21:57   0,3   0,4   0,0   3,1  11,8   18:18   NNW
14  20,6  32,1   11:39  10,6   06:24   1,5   3,4   0,0   1,3   9,2   15:10   NNW
15  25,7  36,8   14:52  13,1   05:26   0,5   7,9   0,0   4,5  23,8   15:13     N
16  27,2  37,0   13:37  15,8   06:32   0,1   9,0   0,0   4,8  26,7   17:54   NNW
17  24,8  35,5   11:57  16,0   06:28   0,0   6,6   0,0   3,6  18,7   13:16   WSW
19  20,2  23,2   10:08  18,3   04:47   0,0   1,3   0,0  ----  22,4   16:00    NW
20  19,0  22,5   14:59   0,0   13:41   0,1   0,4   0,0   7,7  28,9   15:30   NNW
21  18,6  23,5   15:59  16,2   05:24   0,5   0,9   0,0   6,1  27,4   17:03   NNW
22  17,8  20,6   15:39  15,3   22:26   0,6   0,1   0,0   3,6  20,2   19:26    NW
23  19,7  26,0   11:28  15,6   05:28   0,4   1,8   0,0   4,3  21,6   14:47     W
24  19,2  26,6   11:58  12,1   06:57   1,3   2,2   0,0   4,9  28,9   17:52    NW
25  18,8  24,1   12:53  13,7   01:43   0,9   1,5   0,0   4,0  18,0   16:13   WNW
26  20,1  26,7   15:57  15,8   08:18   0,2   2,0   0,0   5,3  32,4   17:40   NNW
27  19,5  25,5   11:22  14,8   07:06   0,6   1,8   0,0   7,3  43,3   15:02   NNW
28  19,4  27,1   11:52  12,5   04:59   1,3   2,4   0,0   5,5  42,6   17:22   NNW
29  18,7  26,0   11:45  12,4   06:50   1,1   1,6   0,0   5,3  33,2   16:25    NW
30  18,6  25,7   10:40  13,2   06:00   1,1   1,5   0,0   6,3  30,3   18:07   NNW
31  17,7  22,6   14:41  13,6   04:12   1,3   0,7   0,0   8,6  49,7   15:57   NNW
----------------------------------------------------------------------------------
    20,2  37,0    16     0,0    20    11,8  45,5   0,0   5,1  49,7    31      NW

Max >=  27,0:  6
Max <=   0,0:  0
Min <=   0,0:  1
Min <= -18,0:  0
Max Rain: 0,0 on day 0
Days of Rain: 0 (>= 0,2 mm)  0 (>= 2,0 mm)  0 (>= 20,0 mm)
Heat Base: 18,3  Cool Base: 18,3  Method: Integration